6 = -7*b, 0 = 3*b - 4*p - 236. Suppose -8*m + 45 = 7*m. Suppose -m*a + 4 = -26. Calculate the highest common factor of a and b.
10
Let u be 116 - (-15 + 5 - -4). Suppose 0 = -21*c + 16*c + 4*f + u, f = 2. What is the highest common factor of 26 and c?
26
Suppose 1053 = 5*k - 3347. What is the greatest common factor of 80 and k?
80
Let a(q) = 22*q + 14. Let o be a(-6). Let c = o + 138. Let x(l) = -19*l - 10. Let j be x(-10). Calculate the greatest common divisor of j and c.
20
Suppose 2*a + 34 - 148 = 0. Calculate the highest common divisor of a and 551.
19
Let b be (-11 - -8) + (-1)/(3/(-18)). Let l be ((-190)/(-1))/((-4)/(-6)*b). What is the highest common factor of 57 and l?
19
Suppose -20*s - 508 = -1116 - 732. What is the highest common divisor of 6901 and s?
67
Let h be 4*3/((-24)/(-34)). Suppose 4*m - 249 = -2*y + 21, -3*m - 3*y + 201 = 0. What is the highest common divisor of m and h?
17
Suppose -19*j + 8*j - 1727 = 0. Let d = j + 457. Calculate the highest common factor of 60 and d.
60
Let w = 35 + -46. Let z be (-25)/2*-2 + (w - -12). Let x be ((-78)/(-5))/(4/10). What is the greatest common factor of x and z?
13
Let j be 126 - -3*(-20)/12. Let r = j - 110. What is the greatest common divisor of r and 22?
11
Suppose -7*u + 8 = -3*u. Suppose u - 10 = -f. Suppose -2*c = -f - 2. Calculate the highest common factor of c and 10.
5
Let m = -38 - -41. Let t be 9/1*(-16)/m. Let g be (-47 - 1)/(t/32). Calculate the highest common divisor of g and 8.
8
Suppose 0 = 2*l - 125 + 119. Let q be ((-38)/l)/((-14)/(-63)). Let x = q + 125. What is the highest common factor of 4 and x?
4
Suppose -3*y - 2*h = -5, 3*y + h + 0*h - 7 = 0. Suppose -3*p = -w + 15, -2*p - p - y = w. Let n = -231 - -279. Calculate the greatest common divisor of n and w.
6
Let l(d) = 3*d**2 + 31*d + 171. Let u be l(-9). Calculate the greatest common factor of u and 165.
15
Suppose 524*r - 556*r = -3424. What is the highest common factor of 214 and r?
107
Let h(a) = 1254*a**2 - 10*a + 4. Let m be h(2). What is the highest common factor of m and 8?
8
Let w(s) = 47*s - 5641. Let o be w(125). Let v(h) = -9*h. Let u be v(-2). What is the greatest common factor of u and o?
18
Let c(d) = -d**3 - 16*d**2 + d + 33. Let w be (-7)/(8/2 + (-4 - 1)). Suppose 12*a = w*a - 80. Let m be c(a). Calculate the greatest common divisor of 34 and m.
17
Suppose 9*d - 6955 = 6*d - 2*k, 0 = d + k - 2317. What is the highest common divisor of 22 and d?
11
Suppose -6*p + 61 + 167 = 0. Suppose -5*s - 114 = -169. Suppose -s*n + 1766 - 94 = 0. What is the greatest common divisor of n and p?
38
Suppose -3*p = 5*r - 1467, 5*r - 4*r - 1479 = -3*p. What is the highest common factor of p and 38?
38
Let r(t) = -65*t + 5275. Let q be r(68). Calculate the greatest common factor of q and 2223.
171
Let p = -7753 + 8186. What is the highest common factor of 4 and p?
1
Let x = 422 - 427. Let y be x - ((-2)/6 + (-233)/3). What is the greatest common factor of y and 73?
73
Let g be ((-1)/2)/(2/(-36)). Let s be 60*((-1)/(-1) + 33/9). Let f = s - 199. What is the greatest common divisor of g and f?
9
Let d(r) = 24*r + 425. Let l be d(-17). What is the highest common factor of l and 1088?
17
Let v = 4 - 1. Suppose -4*r - 70 = -m, -5*m + m - v*r = -261. Let l = 248 - 215. What is the greatest common factor of m and l?
33
Suppose 30*d - 858 = 4*d. Suppose -141 = 5*p - 31. Let a = p + d. Calculate the highest common factor of a and 1.
1
Suppose -3*w + y + 1438 = 0, -2*w - w = -5*y - 1430. Suppose 9*v - 3*v = w. Calculate the greatest common divisor of 120 and v.
40
Suppose -g = 5*j - 5*g + 2504, 3*j - 3*g = -1500. Let l = j + 770. What is the greatest common divisor of l and 14?
14
Suppose 12 = 4*l - 8. Suppose -4*m = 0, -l*c - 2*m + 10 = m. Let r(y) = -31*y - 164. Let s be r(-6). Calculate the highest common divisor of c and s.
2
Suppose 14*k = -1037 - 349. Let w = 125 + k. Calculate the greatest common factor of 65 and w.
13
Let m(f) = -3*f**3 - 8*f**2 - 2*f - 8. Let k be m(-4). Suppose k*d = 59*d + 210. What is the greatest common factor of d and 6?
6
Suppose -32*t = -82*t - 150. Let m be -7*(69/(-21) - t). Suppose -b + 0*o - 4*o = 17, 8 = b - o. Calculate the highest common divisor of m and b.
1
Suppose 0 = -114*t + 629*t + 58*t - 1256589. Calculate the greatest common divisor of t and 129.
129
Suppose -3*k + 357 = 5*x - 336, -5*x - 2*k = -692. Let q(p) = p**2 + 10*p - 73. Let j be q(-17). Calculate the highest common divisor of j and x.
46
Suppose 4*g = -29 - 23. Let h(c) = -10*c + 14. Let n be h(g). Let v be -1 + n/(2 + 2). Calculate the greatest common factor of 10 and v.
5
Let o be ((-5 + 9)/(-8))/((2 + -11)/432). Let t be ((-2)/4)/((-2)/(-8)). Let z be (t + -52)/(3/(-2)). What is the highest common factor of o and z?
12
Let a be 203 + (5 - 8)/(-9 - -10). Calculate the highest common factor of 920 and a.
40
Let i = 213 + -209. Let h be (-39)/(-6)*i - (-22 - -20). Calculate the greatest common divisor of 28 and h.
28
Let r = 53 + 4442. Calculate the greatest common factor of r and 310.
155
Suppose 434 = 10*f + 324. What is the highest common divisor of 5467 and f?
11
Suppose 2*o = -0*o + 56. Let n be (-186)/(-10) - (1 - o/20). What is the greatest common divisor of 19 and n?
19
Let v be ((-3)/(9/6))/(13/(-13)). Let h(f) = 152*f**2 - 14*f - 4. Let r be h(v). What is the greatest common factor of r and 64?
64
Suppose 3*b = -4*y + 3*y + 103, -30 = 10*b. Calculate the greatest common factor of y and 52.
4
Let i = -1872 + 1888. Let q(j) = j + 12. Let a be q(-11). Let c be -2 + (66 - (1 - a)). What is the highest common divisor of i and c?
16
Suppose 2*a - 4*z = 14, z = -4*a + 8 + 2. Suppose -148 = -4*t + 4*g, 0 = -3*g + 1 - 4. Suppose j - a*j = -t. Calculate the highest common divisor of 54 and j.
18
Suppose -2*j + 110 = -j - f, -4*f + 400 = 4*j. Let a be 6*(3/(-6) + 1). Let b be 4/(-6)*a - -23. What is the highest common divisor of b and j?
21
Let l = -31782 - -40917. What is the greatest common factor of 70 and l?
35
Suppose 3*w - 3*z = z + 233, 0 = 2*z - 14. What is the greatest common factor of w and 132?
3
Suppose b + 3*s - 6248 = 0, -2*b + 3*s - 1001 = -13533. What is the greatest common factor of 40 and b?
20
Suppose -19*l + 52920 = -425025. What is the greatest common factor of 13 and l?
13
Suppose -28*y - 51 = -31*y. Suppose o + 5*x - 38 = 0, -x - x = -o + y. Let l = 31 - o. Calculate the highest common divisor of 20 and l.
4
Suppose 0 = -6*j - 1 + 25. Suppose j*t - 69 = 3*d, 2*d = 5*t + 6*d - 63. Suppose 0 = 12*l + 5*l - 510. What is the highest common divisor of l and t?
15
Let u be (-495731)/(-339) + 8/3. Let h = u - 969. Calculate the greatest common factor of h and 32.
16
Suppose 3*v - 1381 - 3136 = -4*g, 5*v + 21552 = 19*g. What is the highest common divisor of 121 and g?
11
Suppose 4*u = 3*u - 3*y + 3653, 4*y - 10994 = -3*u. What is the greatest common factor of u and 2004?
334
Suppose 4*c = 14 - 90. Let d = 23 + c. Let j be 4 + -3 + 8 - (2 - -3). What is the highest common factor of d and j?
4
Let u be 1/((-54)/8 + 7). Let n = 124 - 48. Calculate the highest common factor of u and n.
4
Let n be 11658/435 - ((-156)/105 - 2/(-7)). Calculate the highest common divisor of 182 and n.
14
Let g be (-20)/(-1 + -4) - -60. Let k = g + -62. Let n be 3 + 27 - (1 + k - -1). What is the greatest common divisor of 2 and n?
2
Let w = -63 + 103. Suppose w*f - 36*f = 32. Let s(a) = a + 13. Let c be s(-9). What is the greatest common factor of f and c?
4
Let a(j) = -j**3 - 6*j**2 - 7*j - 4. Let b be a(-5). Let i(r) = r**2 + 253*r + 13564. Let f be i(-182). Calculate the highest common divisor of f and b.
6
Let c be -6 + (2 - (5 + -3)) + 36. Calculate the highest common factor of 70 and c.
10
Let z be 94/(-517) + 290/22. Suppose q - 194 + z = -5*o, -4*q + 4 = 0. Calculate the greatest common factor of 12 and o.
12
Suppose 12*j = -4*j + 80. Suppose 3*v = -j*h - v + 121, -4*h = -5*v - 64. Calculate the greatest common factor of h and 63.
21
Let j(y) = -y**3 - 18*y**2 - 76*y - 9. Let q be j(-3). Calculate the greatest common factor of q and 21714.
42
Let r be (13284/(-72))/(6/(-8)). Let j = -26 + r. What is the greatest common factor of 20 and j?
20
Suppose 4442 - 1582 = 20*t. Suppose -330 = 13*r - 19*r. What is the greatest com